{"id":47,"date":"2016-05-11T08:55:07","date_gmt":"2016-05-11T08:55:07","guid":{"rendered":"http:\/\/lumon.nypabbutiken.se\/?product=graninge-7299"},"modified":"2016-08-15T08:33:31","modified_gmt":"2016-08-15T08:33:31","slug":"graninge-7299","status":"publish","type":"product","link":"https:\/\/lumon.nypabbutiken.se\/?product=graninge-7299","title":{"rendered":"Graninge 7299"},"content":{"rendered":"<div data-canvas-width=\"90.50999999999999\"><strong>FUNKTIONER<\/strong><\/div>\n<div data-canvas-width=\"302.77799999999996\">V\u00e4rmebest\u00e4ndig yttersula, oljebest\u00e4ndig yttersula,<\/div>\n<div data-canvas-width=\"207.158\">antistatiska egenskaper, dragkedja<\/div>\n<div data-canvas-width=\"162.26999999999998\"><strong>HUVUDSAKLIGT SKYDD<\/strong><\/div>\n<div data-canvas-width=\"153.99999999999997\">T\u00e5skador, spikpenetration<\/div>\n","protected":false},"excerpt":{"rendered":"<p>FUNKTIONER V\u00e4rmebest\u00e4ndig yttersula, oljebest\u00e4ndig yttersula, antistatiska egenskaper, dragkedja HUVUDSAKLIGT SKYDD T\u00e5skador, spikpenetration<\/p>\n","protected":false},"featured_media":376,"template":"","meta":[],"product_brand":[],"product_cat":[10],"product_tag":[],"class_list":{"0":"post-47","1":"product","2":"type-product","3":"status-publish","4":"has-post-thumbnail","6":"product_cat-skorhandskar","8":"first","9":"instock","10":"shipping-taxable","11":"purchasable","12":"product-type-variable"},"_links":{"self":[{"href":"https:\/\/lumon.nypabbutiken.se\/index.php?rest_route=\/wp\/v2\/product\/47","targetHints":{"allow":["GET"]}}],"collection":[{"href":"https:\/\/lumon.nypabbutiken.se\/index.php?rest_route=\/wp\/v2\/product"}],"about":[{"href":"https:\/\/lumon.nypabbutiken.se\/index.php?rest_route=\/wp\/v2\/types\/product"}],"wp:featuredmedia":[{"embeddable":true,"href":"https:\/\/lumon.nypabbutiken.se\/index.php?rest_route=\/wp\/v2\/media\/376"}],"wp:attachment":[{"href":"https:\/\/lumon.nypabbutiken.se\/index.php?rest_route=%2Fwp%2Fv2%2Fmedia&parent=47"}],"wp:term":[{"taxonomy":"product_brand","embeddable":true,"href":"https:\/\/lumon.nypabbutiken.se\/index.php?rest_route=%2Fwp%2Fv2%2Fproduct_brand&post=47"},{"taxonomy":"product_cat","embeddable":true,"href":"https:\/\/lumon.nypabbutiken.se\/index.php?rest_route=%2Fwp%2Fv2%2Fproduct_cat&post=47"},{"taxonomy":"product_tag","embeddable":true,"href":"https:\/\/lumon.nypabbutiken.se\/index.php?rest_route=%2Fwp%2Fv2%2Fproduct_tag&post=47"}],"curies":[{"name":"wp","href":"https:\/\/api.w.org\/{rel}","templated":true}]}}