{"id":45,"date":"2016-05-11T08:55:07","date_gmt":"2016-05-11T08:55:07","guid":{"rendered":"http:\/\/lumon.nypabbutiken.se\/?product=jalas-3468a"},"modified":"2016-08-15T08:36:22","modified_gmt":"2016-08-15T08:36:22","slug":"jalas-3468a","status":"publish","type":"product","link":"https:\/\/lumon.nypabbutiken.se\/?product=jalas-3468a","title":{"rendered":"Jalas 3468A"},"content":{"rendered":"<div data-canvas-width=\"90.50999999999999\"><strong>FUNKTIONER<\/strong><\/div>\n<div data-canvas-width=\"319.07399999999996\">ProNose t\u00e5slitskydd, l\u00e5g vikt, oljebest\u00e4ndig yttersula,<\/div>\n<div data-canvas-width=\"341.51599999999996\">antistatiska egenskaper, polstrad skaftkant, ventilerande<\/div>\n<div data-canvas-width=\"336\">innersula, vattenavvisande, dubbla st\u00f6td\u00e4mpningszoner,<\/div>\n<div data-canvas-width=\"259.2239999999999\">\u00f6verensst\u00e4mmer med IEC 61340-5-1 (ESD)<\/div>\n<div data-canvas-width=\"162.26999999999998\"><strong>HUVUDSAKLIGT SKYDD<\/strong><\/div>\n<div data-canvas-width=\"349.6499999999999\">Motverkar risk f\u00f6r:, t\u00e5skador, spikpenetration, antistatiska<\/div>\n<div data-canvas-width=\"34.384\">risker<\/div>\n<div data-canvas-width=\"277.11\"><strong>HUVUDSAKLIGA ANV\u00c4NDNINGSMILJ\u00d6ER<\/strong><\/div>\n<div data-canvas-width=\"293.6359999999999\">Utomhus, milj\u00f6er med risk f\u00f6r sulgenomtr\u00e4ngning<\/div>\n","protected":false},"excerpt":{"rendered":"<p>FUNKTIONER ProNose t\u00e5slitskydd, l\u00e5g vikt, oljebest\u00e4ndig yttersula, antistatiska egenskaper, polstrad skaftkant, ventilerande innersula, vattenavvisande, dubbla st\u00f6td\u00e4mpningszoner, \u00f6verensst\u00e4mmer med IEC 61340-5-1 (ESD) HUVUDSAKLIGT SKYDD Motverkar risk f\u00f6r:, t\u00e5skador, spikpenetration, antistatiska risker HUVUDSAKLIGA ANV\u00c4NDNINGSMILJ\u00d6ER Utomhus, milj\u00f6er med risk f\u00f6r sulgenomtr\u00e4ngning<\/p>\n","protected":false},"featured_media":374,"template":"","meta":[],"product_brand":[],"product_cat":[10],"product_tag":[],"class_list":{"0":"post-45","1":"product","2":"type-product","3":"status-publish","4":"has-post-thumbnail","6":"product_cat-skorhandskar","8":"first","9":"instock","10":"shipping-taxable","11":"purchasable","12":"product-type-variable"},"_links":{"self":[{"href":"https:\/\/lumon.nypabbutiken.se\/index.php?rest_route=\/wp\/v2\/product\/45","targetHints":{"allow":["GET"]}}],"collection":[{"href":"https:\/\/lumon.nypabbutiken.se\/index.php?rest_route=\/wp\/v2\/product"}],"about":[{"href":"https:\/\/lumon.nypabbutiken.se\/index.php?rest_route=\/wp\/v2\/types\/product"}],"wp:featuredmedia":[{"embeddable":true,"href":"https:\/\/lumon.nypabbutiken.se\/index.php?rest_route=\/wp\/v2\/media\/374"}],"wp:attachment":[{"href":"https:\/\/lumon.nypabbutiken.se\/index.php?rest_route=%2Fwp%2Fv2%2Fmedia&parent=45"}],"wp:term":[{"taxonomy":"product_brand","embeddable":true,"href":"https:\/\/lumon.nypabbutiken.se\/index.php?rest_route=%2Fwp%2Fv2%2Fproduct_brand&post=45"},{"taxonomy":"product_cat","embeddable":true,"href":"https:\/\/lumon.nypabbutiken.se\/index.php?rest_route=%2Fwp%2Fv2%2Fproduct_cat&post=45"},{"taxonomy":"product_tag","embeddable":true,"href":"https:\/\/lumon.nypabbutiken.se\/index.php?rest_route=%2Fwp%2Fv2%2Fproduct_tag&post=45"}],"curies":[{"name":"wp","href":"https:\/\/api.w.org\/{rel}","templated":true}]}}