{"id":225,"date":"2016-05-12T11:22:15","date_gmt":"2016-05-12T11:22:15","guid":{"rendered":"http:\/\/lumon.nypabbutiken.se\/?product=vinterparkas"},"modified":"2018-06-12T09:31:06","modified_gmt":"2018-06-12T09:31:06","slug":"vinterparkas","status":"publish","type":"product","link":"https:\/\/lumon.nypabbutiken.se\/?product=vinterparkas","title":{"rendered":"Vinterparkas"},"content":{"rendered":"<h2>Funktionalitet<\/h2>\n<h3>Tyg<\/h3>\n<p>100% nylon, laminerad, vind-och vattent\u00e4t, andasfunktion, 210g\/m\u00b2<\/p>\n<h3>Foder<\/h3>\n<p>Quiltfoder med fleece i nederkanten<\/p>\n<h3>Funktionalitet<\/h3>\n<p>Vind- &amp; vattent\u00e4tt material med andasfunktion, tejpade s\u00f6mmar, Varmfodrad<\/p>\n<h3>Detaljer<\/h3>\n<p>Fleecefodrad krage, H\u00f6g krage<br \/>\nAvtagbar och justerbar luva med avtagbar syntetp\u00e4ls<br \/>\nJusterbar med dragsko i midja<\/p>\n<h3>Frontst\u00e4ngning<\/h3>\n<p>Dolt kraftigt tv\u00e5v\u00e4gsblixtl\u00e5s i plast<\/p>\n<h3>Fickor<\/h3>\n<p>Br\u00f6stfickor med lock<br \/>\nFramfickor med lock<br \/>\nInnerficka med kardborrekn\u00e4ppning, Napoleonficka innanf\u00f6r frontsl\u00e5, Innerficka i mesh<br \/>\nSidfickor med blixtl\u00e5s<\/p>\n<h3>Avslut<\/h3>\n<p>Justerbar i nederkant med dragsko<br \/>\nJusterbart \u00e4rmavslut med inv\u00e4ndig mudd<\/p>\n<h3>Reflex<\/h3>\n<p>Reflextryck p\u00e5 \u00e4rm och luva<\/p>\n<h3>Fickor<\/h3>\n","protected":false},"excerpt":{"rendered":"<p>En varm vinterparkas med quiltfoder som snabbt blir din v\u00e4n i kylan. Extra h\u00f6g fleecefodrad krage och fleecefodrade fickor f\u00f6r optimalt skydd en kall vinterdag. Huvan \u00e4r justerbar f\u00f6r b\u00e4sta komfort. Justerbara \u00e4rmavslut med inv\u00e4ndig mudd, samt justerbar i midja. Reflextryck p\u00e5 h\u00f6ger \u00e4rm och p\u00e5 huvan som g\u00f6r att du syns bra.<\/p>\n","protected":false},"featured_media":381,"template":"","meta":[],"product_brand":[],"product_cat":[21,7],"product_tag":[],"class_list":{"0":"post-225","1":"product","2":"type-product","3":"status-publish","4":"has-post-thumbnail","6":"product_cat-mattekniker","7":"product_cat-saljare","9":"first","10":"instock","11":"shipping-taxable","12":"purchasable","13":"product-type-variable"},"_links":{"self":[{"href":"https:\/\/lumon.nypabbutiken.se\/index.php?rest_route=\/wp\/v2\/product\/225","targetHints":{"allow":["GET"]}}],"collection":[{"href":"https:\/\/lumon.nypabbutiken.se\/index.php?rest_route=\/wp\/v2\/product"}],"about":[{"href":"https:\/\/lumon.nypabbutiken.se\/index.php?rest_route=\/wp\/v2\/types\/product"}],"wp:featuredmedia":[{"embeddable":true,"href":"https:\/\/lumon.nypabbutiken.se\/index.php?rest_route=\/wp\/v2\/media\/381"}],"wp:attachment":[{"href":"https:\/\/lumon.nypabbutiken.se\/index.php?rest_route=%2Fwp%2Fv2%2Fmedia&parent=225"}],"wp:term":[{"taxonomy":"product_brand","embeddable":true,"href":"https:\/\/lumon.nypabbutiken.se\/index.php?rest_route=%2Fwp%2Fv2%2Fproduct_brand&post=225"},{"taxonomy":"product_cat","embeddable":true,"href":"https:\/\/lumon.nypabbutiken.se\/index.php?rest_route=%2Fwp%2Fv2%2Fproduct_cat&post=225"},{"taxonomy":"product_tag","embeddable":true,"href":"https:\/\/lumon.nypabbutiken.se\/index.php?rest_route=%2Fwp%2Fv2%2Fproduct_tag&post=225"}],"curies":[{"name":"wp","href":"https:\/\/api.w.org\/{rel}","templated":true}]}}